
What is -4 - -8 - (-8 + -7 + 16)?
3
What is the value of 2 - 1 - (-5 + 1 - (-14 + 20))?
11
What is the value of -259 - -245 - (5 + -35)?
16
Calculate (-34 - -43) + 5 + -4 + 5.
15
What is 1 - (6 + (-4 - 4) + 9 + 4)?
-10
Calculate 2 + -7 + (-2 - 2 - (-6 - 1)).
-2
Calculate -8 + 5 + -7 + 4 + 0 + -4.
-10
-62 - -101 - (-2 - -56)
-15
Evaluate 3 + 19 + -4 + -8 + 3 + -4.
9
Calculate -24 - ((-1 - (-13 + 8) - -1) + -14).
-15
What is -2 - (-8 - (6 - 12) - 4 - 4)?
8
What is (0 + 6 - 15) + 5?
-4
What is the value of -43 + 46 + (0 - -8)?
11
What is -23 - (0 - 11) - 14 - 4?
-30
What is the value of (18 - 3) + 1 + -4?
12
Evaluate (-6 - (-2 + 10) - -11) + 13.
10
Calculate 1 - (8 + (-6 - 8) + 13).
-6
Calculate -5 - (-15 + 5 + 11).
-6
What is the value of (-2 - (-2 - 0)) + 5 + -8 - -14?
11
What is (-14 - 14 - -23) + -5?
-10
What is (-9 - 0) + 38 + -63 + 59?
25
Evaluate -33 + 33 - (-13 - (-4 - -1)) - 2.
8
What is the value of -30 + 33 + (-1 + -4 - (3 - 27))?
22
What is (2 - (1 + -1)) + -18 + 48 + -32?
0
Evaluate -12 - (-15 - 2) - (3 - -14).
-12
-12 + (7 - -9) + -3
1
What is -21 - (-7 + (9 - (-8 - (-9 - -2))))?
-24
Evaluate -58 - -57 - (15 + (2 - (-4 + 3))).
-19
What is 5 + (-4 - 1 - (-126 + 119))?
7
Evaluate -8 + (1 - 1) + (-1 - -4) - 5.
-10
Calculate -1 + (1 - 0) - (-287 + 276).
11
Evaluate 19 + (-27 - -4) + 11.
7
Evaluate -7 + (-16 + 1 + 6 - (0 + -3)).
-13
Calculate 20 + 2 - (-41 + 17 + 36).
10
What is -3 - (18 + -34) - 6?
7
Calculate -3 + -2 + 2 + 17 - (387 + -392).
19
What is the value of -6 - 0 - (-6 + -8 - -6)?
2
Calculate -19 - -11 - (-1 - 0).
-7
-8 + (38 - 27) + -23
-20
What is the value of 2 - (-3 - 7) - (16 - (15 + -8))?
3
What is the value of -21 - (-37 + -38 + 60)?
-6
Evaluate -26 - (34 - (25 - -19)).
-16
What is (-5 + -1 - 22) + 14 + -5 + -5?
-24
-10 - (1 - -2) - (-36 - -28)
-5
What is -14 - -1 - (9 + -10)?
-12
What is the value of (-1 - -1) + -409 + 424?
15
Evaluate -1 - 0 - (-367 + 346) - (-1 + -9).
30
What is the value of 22 + -18 - (3 + (0 - -3)) - -4?
2
-2 - -6 - (21 + (-5 - 4))
-8
Evaluate -1 + 8 - (2 - (-2 - (-2 - 0))).
5
What is the value of -7 + (14 - (-2 + 8)) + -3?
-2
Evaluate -1 - (-34 + 24 - (1 + -32) - 2).
-20
Calculate 7 + 1 - (7 + (2 - 5) + 1).
3
What is the value of -2 - -5 - (22 - 22)?
3
What is the value of 80 + -21 - (10 + 10)?
39
What is -44 + 7 + 9 + 7?
-21
Evaluate 10 + 9 - 5 - -2 - -2.
18
Evaluate -15 - (-5 + 8 + (-1 + -6 - 0)).
-11
-25 - 1 - (-1964 - -1937)
1
What is -17 + 15 + 0 + -8 - -7?
-3
(-11 - 33 - (-20 - -6)) + 5
-25
What is (12 - -2) + (0 - 8) + -5?
1
What is the value of 107 + -115 - (-3 + -1)?
-4
What is the value of 8 + (11 - -2) + 39 + -45?
15
What is 4 + 1 + (-2 - (18 - 2)) + -24?
-37
14 - (6 - -12 - 9) - (3 - -2)
0
What is 0 + 11 + -539 + 530?
2
Calculate 1 + -1 - (4 + -7 - 0).
3
What is 31 + -3 + -14 + 2 + -33?
-17
What is the value of -10 + (1 - 17) + 34?
8
4 + -29 - (16 - 31)
-10
What is -1 + (-2 - 4) + 1 + 1 + 18?
13
Calculate (0 - (-36 + 6)) + -5.
25
Calculate -171 + 185 - (11 - -4 - -2).
-3
What is (-14 - 0) + (-27 - (-18 - -5)) + 7?
-21
What is the value of (11 - ((12 - 17) + 7 + 3)) + 8?
14
Calculate -16 - (-30 - -4) - (13 + 1).
-4
What is 20 + (-9 - -6) + -20?
-3
What is the value of 30 + -9 + -17 - -5?
9
Calculate (-19 - -13) + 14 - (17 + 4).
-13
-25 - (-8 + -21) - (0 - 8)
12
What is -26 + (8 - 2) - (-5 - (2 - 8))?
-21
Evaluate (-8 + 3 + -2 - 9) + 8 + -12.
-20
Evaluate 0 + (1 - 2) - (-320 - -305).
14
What is the value of 7 - (-7 - 1 - (30 - 9))?
36
What is (10 - (28 - 27)) + 13?
22
(11 - 1) + -47 + 36 + -21
-22
Calculate (2 - ((0 - (1 - 5)) + 6)) + 10.
2
What is 3 - (6 + 1 + (-9 - 17) + 12)?
10
What is 25 + (-12 + 38 - 72)?
-21
What is the value of (-17 - -14) + 10 + -19?
-12
Evaluate 35 - (-22 - (-33 - 12)).
12
What is the value of -22 - -2 - (196 - 230)?
14
Evaluate (-37 - -1) + -5 - ((-9 - 5) + 8).
-35
-250 + 256 - (0 - -6)
0
Evaluate (-60 - -63) + (0 - (-2 - -2) - 16).
-13
What is the value of -21 + 9 + (6 - 9)?
-15
Calculate -2 + -2 + -6 + (11 - -3).
4
Calculate (-65 - -82) + 0 + 2 - 7.
12
What is the value of (0 - -1 - (-1 + -4 + 8)) + 12?
10
Calculate 76 + -52 - (8 - 4).
20
Evaluate (-1 - 2) + 18 + (16 - 21) + -8.
2
Calculate 25 + -35 + 17 - (2 + -1).
6
Calculate 9 + -6 + -26 - -10.
-13
(-2 + 2 - (36 - 21)) + 4
-11
Evaluate 0 + (-19 - (-4 - 16)).
1
What is -10 - (-53 + 18 + 12)?
13
Calculate 2 - (-1 - -6 - (47 - 49)).
-5
Evaluate -3 - -1 - ((8 + -3 - 3) + 7).
-11
What is -1 + 15 + (-6 - (1 - (7 + -9)))?
5
((-9 - 5) + 8 + 3 - -3) + -18
-18
Evaluate -4 - (0 - -2 - (-9 + 3 + 9)).
-3
(2 - -2 - -3) + 3 + (0 - 0)
10
What is the value of -17 - (-1 + 4 + (-34 - -28))?
-14
Evaluate -2 + (1 - 1) - (6 + 0).
-8
Evaluate -12 - (2 + (5 - 0) - 15) - 12.
-16
What is 1 + (3 + -2 + (5 - 8) - -1)?
0
Calculate 18 + -10 + -16 + 10 - -10.
12
What is the value of 3 + (10 - 5) - 3?
5
2 + 5 + -9 - (2 + -3 - 2)
1
What is the value of 3 - (5 + -11 + -3) - (9 + -2)?
5
What is the value of 0 - (0 + 5 + (3 - 11))?
3
What is the value of (30 - 0) + -184 + 174?
20
2 - 11 - (6 - (35 - 11))
9
What is -24 + 1 - (-22 + (13 - 0))?
-14
Evaluate -23 + (-3 - -27 - 12).
-11
What is -649 + 672 - (36 - 1)?
-12
Evaluate -2 + (0 - -14) + -8 + -1.
3
What is the value of 5 + 20 + (-11 - -5 - (-4 + 7))?
16
What is the value of -1 - (-10 + 0 + 11 + (119 - 124))?
3
Calculate -13 - -31 - (10 + 13).
-5
Evaluate 6 + -12 + (12 + -16 - -7).
-3
What is (-4 - (-5 - -4)) + (-1 - (-10 - 1))?
7
Calculate -2 + 13 + -1 + 2 + -10 - 26.
-24
Calculate (4 - 7) + (-16 - -13) + 6 - -2.
2
71 + -11 + -14 + -48
-2
Evaluate 14 - (23 + 4 + -5).
-8
Calculate ((6 - 7) + -3 - -11) + 4 - 5.
6
25 + -54 + -30 + 39
-20
Calculate -10 + -22 + -26 + 51.
-7
(-9 - -2 - (3 - 11)) + 0 - -21
22
Calculate 1 - 4 - -9 - (15 - -22).
-31
What is the value of -11 + (22 + -18 - -11)?
4
What is the value of (-3 + -11 - (2 + -49)) + -5?
28
Evaluate (-13 - (-5 - 4)) + 1 - (0 - 7).
4
Calculate -1 - (-1 + (5 - -3)) - (4 - 1).
-11
What is (-2 - (-3 - 6 - -8)) + 5?
4
-24 + (15 - 22) + 24
-7
Evaluate (34 - (21 + -19)) + -13.
19
6 + -7 + (2 + 7 - 7) + 13
14
40 - (4 + 23 + 18)
-5
Evaluate (-70 - (4 - 63)) + (0 - -44).
33
Calculate -26 + 52 - 32 - (-5 + 0).
-1
Calculate -10 + 17 + -14 + 5.
-2
Evaluate -21 - (27 + -19) - (-7 - 1).
-21
Calculate -68 + 74 - (5 - -4).
-3
What is 26 + (28 - 54) + 34?
34
Calculate ((-7 - -1) + 1 - -5) + 1 - 4.
-3
0 - (1 - -1) - -6 - (97 + -84)
-9
What is the value of 16 - 0 - 9 - (3 + -3)?
7
What is 6 - (4 + -5 + (2 - 5) + 5)?
5
What is the value of (17 + -8 + 3 - 14) + (0 - 14)?
-16
Calculate (-1 + 2 - -8) + 0 - (900 - 901).
10
What is the value of -1 - (15 + 2 - 11)?
-7
(10 - 2) + 7 - 16
-1
What is the value of 25 - 37 - (0 + 4)?
-16
Calculate -85 + 39 - -55 - (-10 + 2).
17
Calculate (13 - (-6 + -1 - -15)) + 10.
15
Calculate 2 - -17 - 18 - -12.
13
(-5 - 0) + -12 + (10 - 1)
-8
10 - (-7 + 17) - 5 - -6
1
Evaluate -4 + (-22 + 39 - 27).
-14
Calculate -338 + 333 - (0 + 3 + -3 - -4).
-9
What is the value of (9 - -3 - 7 - 16) + (2 - 1)?
-10
What is the value of -36 + 20 + -9 - -29?
4
What is 3 - (8 + (2 - -1 - -6))?
-14
-3 + (3 + -13 + 6 - -9) + -6
-4
What is (1 - 2) + (-11 - (-35 - -31))?
-8
Calculate 5 - ((3 - 2) + 4 + -10 + 9).
1
Evaluate -21 - (-6 + (7 - 6)).
-16
What is 10 + (-164 - -166 - (14 + -1))?
-1
What is the value of 3 + (3 - -1) - (-48 + 65)?
-10
Evaluate (7 + -8 - -6) + (0 - 8) + 42.
39
What is the value of -6 - ((-18 - -15) + 18) - (0 + 10)?
-31
Evaluate 16 + 12 + -14 + -21.
-7
Evaluate -1 + -15 + 6 - -11.
1
What is the value of 58 + -63 - (-1 + -4 + 4 - 3)?
-1
Evaluate 23 - (52 + (5 - 21)).
-13
Evaluate 0 - (-8 + -8 + (7 - 0)).
9
What is 25 + 39 - 11 - 38?
15
Evaluate 20 - (8 + 5 + -19 + -4 + -1).
31
Evaluate -1 + -5 - (-15 - (-9 - -15)).
15
Calculate (1 - 7) + (15 - (42 + -21)) + 15.
3
Evaluate (-17 - -10) + (6 + -4 - -4).
-1
What is the value of (5 + 17 + -33 - -2) + -5?
-14
Evaluate 10 + -7 + 3 + -36 + 3.
-27
What is the value of (0 - (-15 + -7 + 0)) + (-9 - -6)?
19
(-8 + 52 - 4) + -16 - 5
19
(35 - (-23 + 35)) + 3 + -17
9
What is (-2 - 2) + 3 + 7 + -2?
4
What is the value of (-14 - -11) + -1 + -10 + 7 + -13?
-20
What is the value of -46 - (-70 + (38 - 8))?
-6
Evaluate -2 + (-31 + 28 - (1 - 0) - -6).
0
Calculate (4 - (6 - -6)) + 12 - 11.
-7
What is -18